 0 = 4*k - 4*s - 40. What is the remainder when k is divided by b?
2
Let t = -16 - -7. Suppose -5*y + 40 = 2*z - y, z - 3*y - 25 = 0. What is the remainder when 15 is divided by z/3 + (-6)/t?
7
Suppose 14 - 65 = -3*p + k, 4*k = 0. Calculate the remainder when p is divided by 4.
1
Let a(c) = -c**2 - 10*c + 1. Let i be ((-4)/4)/(1 - 2). Let r be 0 + (i - 2)*9. What is the remainder when 37 is divided by a(r)?
7
Suppose -5*s = 47 + 48. Let m = s + 45. Let c = 14 - 5. Calculate the remainder when m is divided by c.
8
Suppose 5*p - 105 = -2*p. What is the remainder when p is divided by 4?
3
Let y(x) = -6*x - 19. What is the remainder when y(-9) is divided by 6?
5
Let q(x) = -x**3 + 7*x**2 - 6*x + 5. Let g(j) = j**3 - 3*j**2 - 2*j + 2. Let f be g(3). What is the remainder when 1/f - 171/(-12) is divided by q(6)?
4
Suppose -30 = -4*n - v + 85, -2*n + 3*v = -75. What is the remainder when 178 is divided by n?
28
Let o(y) = -y**3 + 8*y**2 + 5*y - 11. Let q(g) = 3 - 3 - 6*g + g. What is the remainder when o(8) is divided by q(-2)?
9
Suppose -2 = -2*l - 3*j + 13, -2*j + 50 = 4*l. What is the remainder when l is divided by 8?
7
Let y = 52 + -34. Suppose g - 3*g = -20. Let k = y - g. Calculate the remainder when 23 is divided by k.
7
Let g(m) = -11 + m**3 - 9*m + 4*m + 10*m**2 + 8*m + 6*m. What is the remainder when g(-8) is divided by 12?
9
Let j(m) = 17 + m - 4 + 2*m - 4*m. Suppose 3*p - 6 = 2*p + k, -3*p = 2*k - 43. What is the remainder when p is divided by j(7)?
5
Let t(v) be the second derivative of -v + 7/6*v**3 + 1/2*v**2 + 0. Calculate the remainder when 29 is divided by t(2).
14
Let a(f) = -f**2 - 8*f - 13. Let t be a(-4). Suppose 0 = 4*o + 4*s - 148, -4*s = -t*o - s + 111. Calculate the remainder when o is divided by 20.
17
Suppose -4*z = w - 48, 3*w - 2*z - 68 = 20. Calculate the remainder when 90 is divided by w.
26
Let y be (-42)/(-8) + 2/(-8). Suppose 4*c = -w + 5*w - 96, 0 = 4*c - y*w + 95. Let j = c - -39. What is the remainder when 41 is divided by j?
13
Let x = 6 - 0. Suppose -x*f = -11*f + 105. What is the remainder when 60 is divided by f?
18
Suppose 53 = 4*d - 3*j, -j = 5*d - 5*j - 65. What is the remainder when 151 is divided by d?
15
Let p = -46 + -38. Calculate the remainder when 61 is divided by p/(-8)*(1 + 1).
19
Let f(u) = -u - 5. Let m be f(-8). Suppose 35 = m*g + 2*g. What is the remainder when g is divided by 3?
1
Let k(t) = t**2 - 3*t. Suppose -4*d - 34 = 3*q, 0*d - 2*d - 5*q = 10. What is the remainder when (-14)/1*5/d is divided by k(4)?
3
Let x = -47 + -6. Let p = x + 87. Calculate the remainder when p is divided by 12.
10
Suppose -3*n = 4*i - 1 - 32, 0 = 5*i - 3*n - 21. Calculate the remainder when 23 is divided by i.
5
Suppose -5*d + 12 = -93. Calculate the remainder when 41 is divided by d.
20
Suppose -j = -9 - 30. Suppose x + 2*v + j = 0, 0 = -2*x - 3*x + 2*v - 159. Let g = x - -71. What is the remainder when g is divided by 13?
12
Let w(l) = -l - 3. Suppose 52*d - 138 = 29*d. What is the remainder when d is divided by w(-6)?
0
Suppose -5*w + 15 = -0. Let x = -31 + 31. Suppose x = z - w*z + 52. Calculate the remainder when z is divided by 14.
12
Suppose -2*m - 4*o + 22 = -o, 0 = 5*m + 3*o - 37. Suppose 5*k = 3*k + 28. Calculate the remainder when k is divided by m.
4
Suppose -a - 3*a + 36 = 0. Let x = 8 + a. What is the remainder when 33 is divided by x?
16
Let m(a) = -6*a - 19. Calculate the remainder when m(-8) is divided by (-56)/(-6) + (-4)/(-6).
9
Let x(z) = -z - 2. Let l be x(10). Suppose 2*n + 0 - 89 = -3*s, -5*n + 250 = 2*s. Calculate the remainder when n is divided by ((-6)/l)/(2/72).
16
Suppose 5*v - 2*f - 10 = f, -f = -4*v + 15. What is the remainder when 14 is divided by v?
4
Suppose -h - 5*n = -78, h - n + 86 = 2*h. What is the remainder when h is divided by 9?
7
Suppose 2*q - 2*z = -2*q + 10, 4*z = 5*q - 20. Let f(i) = -1 + q*i + i + 0*i. What is the remainder when 11 is divided by f(8)?
4
Suppose 0 = -3*b + 2*b + 29. Suppose 3*q = -0*q - 12. What is the remainder when b is divided by (-3)/(q/((-80)/(-6)))?
9
Let r be -58*(0 + -1) - 0. Suppose t + 19 = r. Calculate the remainder when t is divided by 14.
11
Let d(m) = -m**3 + 11*m**2 - 15*m - 13. What is the remainder when 13/((-5)/(-4) - 1) is divided by d(9)?
10
Let i(q) = 14*q**3 - q**2. Let n = -4 - -10. What is the remainder when i(1) is divided by (8 - 0) + (n - 9)?
3
What is the remainder when (-3)/1 + 20 + 4 is divided by 6?
3
Let p(j) be the third derivative of j**5/60 - j**4/12 + j**3/6 - 7*j**2. Calculate the remainder when 15 is divided by p(4).
6
Calculate the remainder when (-36)/63 + 1226/14 is divided by 18.
15
Let c(y) = -11*y + 1. Calculate the remainder when c(-3) is divided by 13.
8
What is the remainder when 34 is divided by 384/21 - (-2)/(-7)?
16
Suppose 5*k + h - 190 = 0, -h = -2*h - 5. Suppose g + 2*g = k. Calculate the remainder when 37 is divided by g.
11
Suppose -5*f + 0*f + 420 = 0. Let d = f - 47. Let q = 39 + -20. What is the remainder when d is divided by q?
18
Suppose -6*j + 282 = -j - 3*y, 2*j = -2*y + 116. Let p = j - 39. Calculate the remainder when 35 is divided by p.
17
Suppose -5*u + 38 = -167. Let s(q) = -q**2 - 9*q + 11. Let i(w) = -w - 25. Let r be i(-16). What is the remainder when u is divided by s(r)?
8
Let r = -8 + 10. Suppose -27 = -3*x + r*v, x - 3*v - 14 = -4*v. What is the remainder when x is divided by 4?
3
Let h(k) = 6*k**2 + 2*k - 2. Suppose -78 = -4*f + 2*z, 0 = -3*f + 4*z - 16 + 67. Let v = 31 - f. What is the remainder when h(-2) is divided by v?
8
Suppose 0 = d - 0*d. What is the remainder when (-2 + d)*120/(-16) is divided by 4?
3
Suppose -t = 2*j - 7, j + 0 = -3. Let u(l) be the third derivative of 13*l**5/30 - l**3/6 - 2*l**2. What is the remainder when u(-1) is divided by t?
12
Let g(d) be the second derivative of -d**3/3 - 5*d**2 - 6*d. Calculate the remainder when 22 is divided by g(-8).
4
Let x(w) = -4*w**2 + 5*w + 3. Let b(m) = -5*m**2 + 5*m + 2. Let u(h) = 2*b(h) - 3*x(h). Let i = -20 + 78. What is the remainder when i is divided by u(5)?
18
Calculate the remainder when -13*(1 + 1)/(-2) is divided by ((-14)/(-8) - 0)*4.
6
Let o = -114 - -177. What is the remainder when o is divided by 8?
7
Let o = -21 + 14. Let v(n) = -4*n - 14. What is the remainder when 39 is divided by v(o)?
11
Let y = 22 + -15. Let g be (-21)/(-6) + (-3)/(-6). Suppose -4*l = 5*p - 104, -g*l = p + l - 25. What is the remainder when p is divided by y?
6
Let q(x) = -4*x + 0*x + 2*x + 4*x - 15. What is the remainder when 13 is divided by q(10)?
3
Suppose -5*x = -4*f - 76 - 9, -2*x + 4*f = -22. What is the remainder when x is divided by 6?
3
Let f(t) = t**3 + 4*t**2 - 7*t - 1. Let c be f(-5). Let j = -1 + c. What is the remainder when 22 is divided by j?
6
Suppose -476 = -7*r - 35. Suppose -3*n = -2*x + 35, n + n - 6 = 0. What is the remainder when r is divided by x?
19
Calculate the remainder when 24 is divided by 10*(0 + 1) + 4.
10
Let s = 105 - 64. Let m = s - 25. Calculate the remainder when m is divided by 6.
4
Suppose 4*q + 16 = 0, -l - 3*q = 2 - 6. Calculate the remainder when 24 is divided by l.
8
Suppose 0 = -f + 10 - 1. Let q(s) = -s**2 + 5*s + 2. Let a be q(5). Suppose -a*u - 20 = -54. Calculate the remainder when u is divided by f.
8
Suppose -4*o = -2*o + 2. Let a = -5 + 24. Calculate the remainder when ((-96)/56)/(o/21) is divided by a.
17
Let g be 23 - (1 - 2 - -1). Let d = 65 - g. Let v = -12 + 34. Calculate the remainder when d is divided by v.
20
Suppose 0 = -2*o - 2*o + 36. Let c(f) = f - 5. Calculate the remainder when o is divided by c(10).
4
Let h be 2/(-6) + (-95)/(-15). What is the remainder when 24 is divided by 1/h - (-693)/54?
11
Suppose -22*d + 78 = -16*d. Calculate the remainder when 103 is divided by d.
12
Let c(s) = s**2 + s - 8. Calculate the remainder when 42 is divided by c(-6).
20
Let r = 25 - 15. Suppose 0 = -2*g + 21 - 13. Calculate the remainder when r is divided by g.
2
Suppose -3*c + 15 = -6*c. Let a(p) = p**2 - 3*p - 6. What is the remainder when a(c) is divided by 18?
16
Let t(z) = z**2 + 11*z + 11. Suppose 4 = y - 4. What is the remainder when t(-12) is divided by y?
7
Calculate the remainder when -4 - (-5 - -4) - -7 is divided by 2.
0
Suppose 9*a - 12 = 5*a. Calculate the remain